ue
Does 35 divide 1134580787?
False
Is 101361914 a multiple of 461?
True
Does 10 divide 6755?
False
Does 70 divide 7198240?
True
Is 4 a factor of 31462147?
False
Does 21 divide 321639103?
False
Does 167 divide 43417495?
True
Is 308 a factor of 11574332?
True
Is 1848 a factor of 1938614832?
True
Does 8 divide 619435?
False
Is 1857497904 a multiple of 10?
False
Is 38 a factor of 5390823039?
False
Is 24661121 a multiple of 631?
False
Does 13 divide 6575175?
False
Does 254 divide 16647922?
True
Is 664951401 a multiple of 9?
True
Is 480392517 a multiple of 338?
False
Is 150 a factor of 4630592498?
False
Does 59 divide 67122766?
True
Is 731614860 a multiple of 9?
True
Is 158288549 a multiple of 325?
False
Is 297660332 a multiple of 997?
True
Is 9065 a factor of 809321371?
False
Is 29 a factor of 1024196731?
False
Is 16523314 a multiple of 112?
False
Is 13900096 a multiple of 2?
True
Is 260146692 a multiple of 8?
False
Does 17 divide 17183073?
True
Is 493 a factor of 318402200?
False
Is 148804447 a multiple of 6?
False
Is 40548968 a multiple of 47?
True
Is 3078 a factor of 783763452?
True
Is 159 a factor of 15726690?
True
Is 22 a factor of 1943396796?
True
Is 546 a factor of 234435443?
False
Is 26 a factor of 46841522?
True
Does 10 divide 13920848?
False
Is 163637125 a multiple of 12?
False
Does 19 divide 93909101?
False
Is 128833573 a multiple of 63?
False
Is 32 a factor of 217459776?
True
Is 2181 a factor of 1160292?
True
Does 1230 divide 576580249?
False
Is 231701398 a multiple of 1423?
True
Is 7139692 a multiple of 6?
False
Is 12 a factor of 10052208?
True
Does 3456 divide 754230528?
True
Is 1143686460 a multiple of 49?
True
Does 6807 divide 554065849?
False
Does 1666 divide 166003896?
False
Is 197 a factor of 87533010?
True
Is 436550 a multiple of 5?
True
Is 8 a factor of 14792016?
True
Is 667 a factor of 378655900?
True
Does 1416 divide 1115844816?
True
Does 1713 divide 137600151?
True
Does 2450 divide 39219600?
True
Does 245 divide 25683903?
False
Is 8676026 a multiple of 111?
False
Does 58 divide 67623084?
False
Does 808 divide 106647112?
True
Does 46 divide 968859314?
True
Is 323800320 a multiple of 3840?
True
Is 78 a factor of 147506342?
False
Is 6795476 a multiple of 179?
False
Does 85 divide 16520430?
True
Is 50878048 a multiple of 16?
True
Is 7580 a factor of 517317306?
False
Is 65199362 a multiple of 353?
False
Is 3634 a factor of 102457580?
False
Is 141974050 a multiple of 3154?
False
Does 10 divide 17000720?
True
Does 8 divide 122105954?
False
Is 60573764 a multiple of 593?
True
Is 133 a factor of 21137025?
True
Is 2000 a factor of 3774356513?
False
Does 214 divide 90737809?
False
Is 25 a factor of 368390547?
False
Does 3217 divide 735542436?
False
Does 325 divide 6514286?
False
Is 33128880 a multiple of 1217?
False
Is 629742271 a multiple of 9?
False
Is 186047940 a multiple of 485?
True
Is 61215928 a multiple of 1928?
True
Is 2333 a factor of 249927291?
True
Does 435 divide 29897115?
True
Is 3305516 a multiple of 4?
True
Does 13 divide 405409355?
True
Does 507 divide 3166741260?
False
Is 74234395 a multiple of 37?
True
Is 14 a factor of 201982144?
True
Is 209 a factor of 20006259?
False
Is 41017198 a multiple of 1191?
False
Does 66 divide 68872593?
False
Does 611 divide 394750128?
False
Is 3712769406 a multiple of 993?
True
Is 98 a factor of 137299369?
False
Is 16387417 a multiple of 1490?
False
Is 20162109 a multiple of 32?
False
Is 52840350 a multiple of 675?
True
Is 3826455 a multiple of 22?
False
Does 272 divide 1227043933?
False
Is 61 a factor of 604825999?
False
Is 25 a factor of 152179757?
False
Is 706545820 a multiple of 67?
True
Is 12 a factor of 1484248524?
True
Is 4 a factor of 75408457?
False
Is 152580300 a multiple of 193?
False
Is 278981910 a multiple of 219?
True
Is 1001071922 a multiple of 8291?
True
Is 12 a factor of 61901067?
False
Does 22 divide 147168956?
True
Does 39 divide 137066103?
False
Is 94 a factor of 84914242?
True
Does 157 divide 902749224?
False
Does 3102 divide 175332323?
False
Does 1614 divide 1085680685?
False
Is 1257 a factor of 352198225?
False
Does 41 divide 8525401?
False
Does 90 divide 261142535?
False
Is 229304345 a multiple of 28?
False
Is 548 a factor of 225331024?
True
Is 1036 a factor of 1922851224?
True
Is 6187596 a multiple of 316?
True
Is 2927 a factor of 81127659?
True
Is 522202 a multiple of 3?
False
Does 27 divide 266406165?
True
Does 884 divide 21598168?
False
Does 7 divide 125540788?
False
Does 24 divide 6196560?
True
Is 147754278 a multiple of 9?
True
Is 1935012043 a multiple of 5781?
False
Is 48337912 a multiple of 1550?
False
Is 14381758 a multiple of 573?
False
Is 2358661 a multiple of 48?
False
Is 44 a factor of 10232684?
True
Is 28909020 a multiple of 420?
True
Is 62408214 a multiple of 99?
True
Is 3083 a factor of 442025125?
True
Is 1885 a factor of 377018850?
True
Does 895 divide 711691470?
True
Is 370517 a multiple of 2?
False
Does 103 divide 65833892?
True
Does 137 divide 132673490?
False
Is 3506944 a multiple of 18?
False
Does 749 divide 422158121?
True
Is 125 a factor of 18501798?
False
Is 7580105 a multiple of 421?
True
Does 9 divide 181165626?
True
Is 922 a factor of 1406927331?
False
Is 93 a factor of 39171207?
False
Is 140865132 a multiple of 6?
True
Is 81304919 a multiple of 971?
False
Is 277 a factor of 1229234036?
True
Is 784220699 a multiple of 3?
False
Is 397 a factor of 40661468?
False
Is 1026323823 a multiple of 78?
False
Is 1738 a factor of 969365949?
False
Is 44222499 a multiple of 981?
True
Is 74009480 a multiple of 1574?
True
Is 39797923 a multiple of 11?
True
Does 102 divide 71205435?
False
Is 694 a factor of 235355526?
True
Does 75 divide 7312687?
False
Is 2391252271 a multiple of 24?
False
Is 688889434 a multiple of 15?
False
Does 7 divide 92784258?
True
Does 11 divide 687053995?
False
Is 27 a factor of 278208931?
False
Does 3 divide 1090399?
False
Is 42875132 a multiple of 10?
False
Does 8 divide 57508017?
False
Does 30 divide 31076168?
False
Does 212 divide 90649080?
True
Is 269111971 a multiple of 233?
True
Is 37597032 a multiple of 296?
True
Is 8 a factor of 39018351?
False
Is 8 a factor of 42635739?
False
Does 7 divide 104410340?
False
Is 6 a factor of 99799129?
False
Is 14462239 a multiple of 23?
True
Is 121 a factor of 107954506?
True
Does 61 divide 852776962?
False
Does 5410 divide 196193650?
True
Is 2777579297 a multiple of 15?
False
Is 579951953 a multiple of 27?
False
Does 4 divide 6651275?
False
Is 25 a factor of 369484725?
True
Does 35 divide 18815289?
False
Is 14843873 a multiple of 75?
False
Does 59 divide 608405109?
True
Is 1143317364 a multiple of 14?
True
Does 23 divide 43820431?
False
Is 2869603104 a multiple of 24?
True
Is 160761084 a multiple of 33?
True
Is 59067222 a multiple of 36?
False
Does 30 divide 4669273?
False
Is 5973429 a multiple of 11?
True
Is 1674731848 a multiple of 5728?
False
Does 1128 divide 10506812?
False
Is 31 a factor of 25475087?
True
Does 130 divide 17335642?
False
Is 2104 a factor of 3571756712?
True
Is 18 a factor of 12195444?
False
Is 12 a factor of 429742984?
False
Is 218 a factor of 10415994?
False
Does 4731 divide 35581851?
True
Is 15097010 a multiple of 5?
True
Does 10912 divide 1401653557?
False
Does 29 divide 5077578593?
True
Is 31051576 a multiple of 116?
True
Does 11496 divide 63699213?
False
Does 110 divide 31655250?
True
Is 40 a factor of 191107600?
True
Is 2020321644 a multiple of 178?
False
Is 731887845 a multiple of 318?
False
Is 4052753 a multiple of 5?
False
Is 82997257 a multiple of 533?
False
Is 33 a factor of 1867602?
True
Is 750021215 a multiple of 3677?
False
Is 51759205 a multiple of 10?
False
Is 31972269 even?
False
Is 62 a factor of 13874514?
False
Does 88 divide 320997737?
False
Is 1222237056 a multiple of 4901?
False
Does 19 divide 208225417?
False
Is 8570295 a multiple of 17?
True
Does 428 divide 296621589?
False
Does 577 divide 223224488?
False
Is 394422935 a multiple of 44?
False
Does 3193 divide 297836654?
True
Is 1839521671 a multiple of 1237?
True
Is 46677102 a multiple of 95?
False
Is 1435 a factor of 264904278?
False
Is 117978979 a multiple of 20?
False
Does 225 divide 140409450?
True
Is 208 a factor of 219604528?
True
Is 976 a factor of 117891649?
False
Does 2 divide 1